{"id":37358,"date":"2023-09-21T15:15:01","date_gmt":"2023-09-21T18:15:01","guid":{"rendered":"https:\/\/www.lgamoblamientos.com\/nv\/?post_type=product&#038;p=37358"},"modified":"2026-02-09T18:40:11","modified_gmt":"2026-02-09T21:40:11","slug":"caldera-starflon-23-lts-con-tapa-de-vidrio-tramontina","status":"publish","type":"product","link":"https:\/\/www.lgamoblamientos.com\/nv\/product\/caldera-starflon-23-lts-con-tapa-de-vidrio-tramontina\/","title":{"rendered":"Caldera Starflon 2,3 Lts Con Tapa De Vidrio Tramontina"},"content":{"rendered":"<p>CALDERA CON TAPA DE VIDRIO 2,3 LTS TRAMONTINA<\/p>\n<p>Colores disponibles:<br \/>\nCobre<br \/>\nAzul<\/p>\n<p>Cuerpo de aluminio con espesor de 1,8 mm, que brinda una cocci\u00f3n r\u00e1pida y uniforme.<br \/>\nRevestimiento interno y externo de antiadherente Starflon Max, que no deja que se peguen los alimentos y es f\u00e1cil de limpiar, m\u00e1s durable y no perjudicial para la salud, ya que est\u00e1 libre de PFOA.<br \/>\nTapa de vidrio templado con borde de acero inoxidable.<br \/>\nMango de baquelita antit\u00e9rmica e agarrador de nylon que ofrecen seguridad durante el manejo.<br \/>\nSe puede llevar al lavavajillas.<br \/>\nSe puede utilizar en cocinas a gas, el\u00e9ctricas y vitrocer\u00e1micas.<br \/>\nAncho: 19.2cm<br \/>\nAlto: 19.6cm<br \/>\nPeso: 0.835kg<\/p>\n","protected":false},"excerpt":{"rendered":"<p>CALDERA CON TAPA DE VIDRIO 2,3 LTS TRAMONTINA Colores disponibles: Cobre Azul Cuerpo de aluminio con espesor de 1,8 mm, que brinda una cocci\u00f3n r\u00e1pida y uniforme. Revestimiento interno y<\/p>\n","protected":false},"featured_media":37359,"comment_status":"open","ping_status":"closed","template":"","meta":{"_acf_changed":false,"_joinchat":[]},"product_cat":[65],"product_tag":[1219],"class_list":{"0":"post-37358","1":"product","2":"type-product","3":"status-publish","4":"has-post-thumbnail","6":"product_cat-bazar","7":"product_tag-cyber-fest-26","8":"product_shipping_class-flex","10":"first","11":"instock","12":"sale","13":"taxable","14":"shipping-taxable","15":"purchasable","16":"product-type-variable"},"acf":[],"aioseo_notices":[],"jetpack_sharing_enabled":true,"_links":{"self":[{"href":"https:\/\/www.lgamoblamientos.com\/nv\/wp-json\/wp\/v2\/product\/37358","targetHints":{"allow":["GET"]}}],"collection":[{"href":"https:\/\/www.lgamoblamientos.com\/nv\/wp-json\/wp\/v2\/product"}],"about":[{"href":"https:\/\/www.lgamoblamientos.com\/nv\/wp-json\/wp\/v2\/types\/product"}],"replies":[{"embeddable":true,"href":"https:\/\/www.lgamoblamientos.com\/nv\/wp-json\/wp\/v2\/comments?post=37358"}],"wp:featuredmedia":[{"embeddable":true,"href":"https:\/\/www.lgamoblamientos.com\/nv\/wp-json\/wp\/v2\/media\/37359"}],"wp:attachment":[{"href":"https:\/\/www.lgamoblamientos.com\/nv\/wp-json\/wp\/v2\/media?parent=37358"}],"wp:term":[{"taxonomy":"product_cat","embeddable":true,"href":"https:\/\/www.lgamoblamientos.com\/nv\/wp-json\/wp\/v2\/product_cat?post=37358"},{"taxonomy":"product_tag","embeddable":true,"href":"https:\/\/www.lgamoblamientos.com\/nv\/wp-json\/wp\/v2\/product_tag?post=37358"}],"curies":[{"name":"wp","href":"https:\/\/api.w.org\/{rel}","templated":true}]}}

<p>CALDERA CON TAPA DE VIDRIO 2,3 LTS TRAMONTINA</p>
<p>Colores disponibles:<br />
Cobre<br />
Azul</p>
<p>Cuerpo de aluminio con espesor de 1,8 mm, que brinda una cocción rápida y uniforme.<br />
Revestimiento interno y externo de antiadherente Starflon Max, que no deja que se peguen los alimentos y es fácil de limpiar, más durable y no perjudicial para la salud, ya que está libre de PFOA.<br />
Tapa de vidrio templado con borde de acero inoxidable.<br />
Mango de baquelita antitérmica e agarrador de nylon que ofrecen seguridad durante el manejo.<br />
Se puede llevar al lavavajillas.<br />
Se puede utilizar en cocinas a gas, eléctricas y vitrocerámicas.<br />
Ancho: 19.2cm<br />
Alto: 19.6cm<br />
Peso: 0.835kg</p>

<p>CALDERA CON TAPA DE VIDRIO 2,3 LTS TRAMONTINA Colores disponibles: Cobre Azul Cuerpo de aluminio con espesor de 1,8 mm, que brinda una cocción rápida y uniforme. Revestimiento interno y</p>
