{"id":41903,"date":"2024-06-03T16:09:30","date_gmt":"2024-06-03T19:09:30","guid":{"rendered":"https:\/\/www.lgamoblamientos.com\/nv\/?post_type=product&#038;p=41903"},"modified":"2026-03-25T14:16:07","modified_gmt":"2026-03-25T17:16:07","slug":"mueble-cocina-compacta-outlet-2","status":"publish","type":"product","link":"https:\/\/www.lgamoblamientos.com\/nv\/product\/mueble-cocina-compacta-outlet-2\/","title":{"rendered":"Mueble Cocina Compacta &#8211; OUTLET"},"content":{"rendered":"<p>COCINA COMPACTA<\/p>\n<p>\u2022 Medidas Totales: Alt: 1.90 m \/ Larg: 1,88 m \/ Prof: 0.50 m<br \/>\n\u2022 Medidas Espacio : Larg: 1,20 m \/ Prof: 0.50 m<br \/>\n\u2022 Colores disponibles:\u00a0 WOOD-NEGRO<br \/>\n\u2022 8 puertas, 1 cajon y estantes<br \/>\n\u2022 Material: 100% MDP y acabado en Pintura UV<br \/>\nEstructura de 12 mm<br \/>\nPuertas de 15 mm<br \/>\n\u2022 Caj\u00f3n se desliza sobre gu\u00edas met\u00e1licas<br \/>\nNO INCLUYE MESADA<\/p>\n<p>Pieza con detalle<\/p>\n","protected":false},"excerpt":{"rendered":"<p>COCINA COMPACTA \u2022 Medidas Totales: Alt: 1.90 m \/ Larg: 1,88 m \/ Prof: 0.50 m \u2022 Medidas Espacio : Larg: 1,20 m \/ Prof: 0.50 m \u2022 Colores disponibles:\u00a0<\/p>\n","protected":false},"featured_media":41906,"comment_status":"open","ping_status":"closed","template":"","meta":{"_acf_changed":false,"_joinchat":[]},"product_cat":[504],"product_tag":[],"class_list":{"0":"post-41903","1":"product","2":"type-product","3":"status-publish","4":"has-post-thumbnail","6":"product_cat-outlet","8":"first","9":"instock","10":"sale","11":"taxable","12":"shipping-taxable","13":"purchasable","14":"product-type-variable","15":"has-default-attributes"},"acf":[],"aioseo_notices":[],"jetpack_sharing_enabled":true,"_links":{"self":[{"href":"https:\/\/www.lgamoblamientos.com\/nv\/wp-json\/wp\/v2\/product\/41903","targetHints":{"allow":["GET"]}}],"collection":[{"href":"https:\/\/www.lgamoblamientos.com\/nv\/wp-json\/wp\/v2\/product"}],"about":[{"href":"https:\/\/www.lgamoblamientos.com\/nv\/wp-json\/wp\/v2\/types\/product"}],"replies":[{"embeddable":true,"href":"https:\/\/www.lgamoblamientos.com\/nv\/wp-json\/wp\/v2\/comments?post=41903"}],"wp:featuredmedia":[{"embeddable":true,"href":"https:\/\/www.lgamoblamientos.com\/nv\/wp-json\/wp\/v2\/media\/41906"}],"wp:attachment":[{"href":"https:\/\/www.lgamoblamientos.com\/nv\/wp-json\/wp\/v2\/media?parent=41903"}],"wp:term":[{"taxonomy":"product_cat","embeddable":true,"href":"https:\/\/www.lgamoblamientos.com\/nv\/wp-json\/wp\/v2\/product_cat?post=41903"},{"taxonomy":"product_tag","embeddable":true,"href":"https:\/\/www.lgamoblamientos.com\/nv\/wp-json\/wp\/v2\/product_tag?post=41903"}],"curies":[{"name":"wp","href":"https:\/\/api.w.org\/{rel}","templated":true}]}}

<p>COCINA COMPACTA</p>
<p>• Medidas Totales: Alt: 1.90 m / Larg: 1,88 m / Prof: 0.50 m<br />
• Medidas Espacio : Larg: 1,20 m / Prof: 0.50 m<br />
• Colores disponibles:  WOOD-NEGRO<br />
• 8 puertas, 1 cajon y estantes<br />
• Material: 100% MDP y acabado en Pintura UV<br />
Estructura de 12 mm<br />
Puertas de 15 mm<br />
• Cajón se desliza sobre guías metálicas<br />
NO INCLUYE MESADA</p>
<p>Pieza con detalle</p>
