{"id":47438,"date":"2025-05-24T19:17:06","date_gmt":"2025-05-24T22:17:06","guid":{"rendered":"https:\/\/www.lgamoblamientos.com\/nv\/?post_type=product&#038;p=47438"},"modified":"2026-04-30T09:50:21","modified_gmt":"2026-04-30T12:50:21","slug":"mueble-de-bano-botiquin-bacha-espejo","status":"publish","type":"product","link":"https:\/\/www.lgamoblamientos.com\/nv\/product\/mueble-de-bano-botiquin-bacha-espejo\/","title":{"rendered":"Mueble De Ba\u00f1o Botiqu\u00edn + Bacha + Espejo"},"content":{"rendered":"<p>MUEBLE DE BA\u00d1O + BACHA + ESPEJO<\/p>\n<p>Medidas Botiqu\u00edn : Altura 0,48 m x Ancho 0,60 m x Prof 0,10 m<br \/>\nMedidas Bajo: Altura 0,48 m x Ancho 0,60 m x Prof 0,42 m<br \/>\n1 Puerta<br \/>\nIncluye pileta de vidrio de 30 cm<br \/>\nIncluye espejo<br \/>\nMaterial MDF<br \/>\nColor: Nogal<\/p>\n","protected":false},"excerpt":{"rendered":"<p>MUEBLE DE BA\u00d1O + BACHA + ESPEJO Medidas Botiqu\u00edn : Altura 0,48 m x Ancho 0,60 m x Prof 0,10 m Medidas Bajo: Altura 0,48 m x Ancho 0,60 m<\/p>\n","protected":false},"featured_media":47442,"comment_status":"open","ping_status":"closed","template":"","meta":{"_acf_changed":false,"_joinchat":[]},"product_cat":[292],"product_tag":[1202],"class_list":{"0":"post-47438","1":"product","2":"type-product","3":"status-publish","4":"has-post-thumbnail","6":"product_cat-bano","7":"product_tag-cyberfest-set","8":"product_shipping_class-flex","10":"first","11":"instock","12":"taxable","13":"shipping-taxable","14":"purchasable","15":"product-type-simple"},"acf":[],"aioseo_notices":[],"jetpack_sharing_enabled":true,"_links":{"self":[{"href":"https:\/\/www.lgamoblamientos.com\/nv\/wp-json\/wp\/v2\/product\/47438","targetHints":{"allow":["GET"]}}],"collection":[{"href":"https:\/\/www.lgamoblamientos.com\/nv\/wp-json\/wp\/v2\/product"}],"about":[{"href":"https:\/\/www.lgamoblamientos.com\/nv\/wp-json\/wp\/v2\/types\/product"}],"replies":[{"embeddable":true,"href":"https:\/\/www.lgamoblamientos.com\/nv\/wp-json\/wp\/v2\/comments?post=47438"}],"wp:featuredmedia":[{"embeddable":true,"href":"https:\/\/www.lgamoblamientos.com\/nv\/wp-json\/wp\/v2\/media\/47442"}],"wp:attachment":[{"href":"https:\/\/www.lgamoblamientos.com\/nv\/wp-json\/wp\/v2\/media?parent=47438"}],"wp:term":[{"taxonomy":"product_cat","embeddable":true,"href":"https:\/\/www.lgamoblamientos.com\/nv\/wp-json\/wp\/v2\/product_cat?post=47438"},{"taxonomy":"product_tag","embeddable":true,"href":"https:\/\/www.lgamoblamientos.com\/nv\/wp-json\/wp\/v2\/product_tag?post=47438"}],"curies":[{"name":"wp","href":"https:\/\/api.w.org\/{rel}","templated":true}]}}

Mueble De Baño Botiquín + Bacha + Espejo

<p>MUEBLE DE BAÑO + BACHA + ESPEJO</p>
<p>Medidas Botiquín : Altura 0,48 m x Ancho 0,60 m x Prof 0,10 m<br />
Medidas Bajo: Altura 0,48 m x Ancho 0,60 m x Prof 0,42 m<br />
1 Puerta<br />
Incluye pileta de vidrio de 30 cm<br />
Incluye espejo<br />
Material MDF<br />
Color: Nogal</p>

<p>MUEBLE DE BAÑO + BACHA + ESPEJO Medidas Botiquín : Altura 0,48 m x Ancho 0,60 m x Prof 0,10 m Medidas Bajo: Altura 0,48 m x Ancho 0,60 m</p>
