{"id":5818,"date":"2019-11-29T00:03:34","date_gmt":"2019-11-29T03:03:34","guid":{"rendered":"http:\/\/www.lgamoblamientos.com\/nv\/product\/cocina-compacta-2\/"},"modified":"2026-04-27T17:12:06","modified_gmt":"2026-04-27T20:12:06","slug":"cocina-compacta-2","status":"publish","type":"product","link":"https:\/\/www.lgamoblamientos.com\/nv\/product\/cocina-compacta-2\/","title":{"rendered":"Mueble Cocina Compacta"},"content":{"rendered":"<p>COCINA COMPACTA<\/p>\n<p>\u2022 Medidas Totales: Alt: 1.90 m \/ Larg: 1,88 m \/ Prof: 0.50 m<br \/>\n\u2022 Medidas Espacio : Larg: 1,20 m \/ Prof: 0.50 m<br \/>\n\u2022 Colores disponibles: BLANCO-NEGRO | WOOD-NEGRO | WOOD-CRISTALO<br \/>\n\u2022 8 puertas, 1 cajon y estantes<br \/>\n\u2022 Material: 100% MDP y acabado en Pintura UV<br \/>\nEstructura de 12 mm<br \/>\nPuertas de 15 mm<br \/>\n\u2022 Caj\u00f3n se desliza sobre gu\u00edas met\u00e1licas<br \/>\nNO INCLUYE MESADA<\/p>\n","protected":false},"excerpt":{"rendered":"<p>COCINA COMPACTA \u2022 Medidas Totales: Alt: 1.90 m \/ Larg: 1,88 m \/ Prof: 0.50 m \u2022 Medidas Espacio : Larg: 1,20 m \/ Prof: 0.50 m \u2022 Colores disponibles:<\/p>\n","protected":false},"featured_media":35883,"comment_status":"open","ping_status":"closed","template":"","meta":{"_acf_changed":false,"_joinchat":[]},"product_cat":[106],"product_tag":[1219],"class_list":{"0":"post-5818","1":"product","2":"type-product","3":"status-publish","4":"has-post-thumbnail","6":"product_cat-muebles-de-cocina","7":"product_tag-cyber-fest-26","9":"first","10":"instock","11":"sale","12":"taxable","13":"shipping-taxable","14":"purchasable","15":"product-type-variable"},"acf":[],"aioseo_notices":[],"jetpack_sharing_enabled":true,"_links":{"self":[{"href":"https:\/\/www.lgamoblamientos.com\/nv\/wp-json\/wp\/v2\/product\/5818","targetHints":{"allow":["GET"]}}],"collection":[{"href":"https:\/\/www.lgamoblamientos.com\/nv\/wp-json\/wp\/v2\/product"}],"about":[{"href":"https:\/\/www.lgamoblamientos.com\/nv\/wp-json\/wp\/v2\/types\/product"}],"replies":[{"embeddable":true,"href":"https:\/\/www.lgamoblamientos.com\/nv\/wp-json\/wp\/v2\/comments?post=5818"}],"wp:featuredmedia":[{"embeddable":true,"href":"https:\/\/www.lgamoblamientos.com\/nv\/wp-json\/wp\/v2\/media\/35883"}],"wp:attachment":[{"href":"https:\/\/www.lgamoblamientos.com\/nv\/wp-json\/wp\/v2\/media?parent=5818"}],"wp:term":[{"taxonomy":"product_cat","embeddable":true,"href":"https:\/\/www.lgamoblamientos.com\/nv\/wp-json\/wp\/v2\/product_cat?post=5818"},{"taxonomy":"product_tag","embeddable":true,"href":"https:\/\/www.lgamoblamientos.com\/nv\/wp-json\/wp\/v2\/product_tag?post=5818"}],"curies":[{"name":"wp","href":"https:\/\/api.w.org\/{rel}","templated":true}]}}

<p>COCINA COMPACTA</p>
<p>• Medidas Totales: Alt: 1.90 m / Larg: 1,88 m / Prof: 0.50 m<br />
• Medidas Espacio : Larg: 1,20 m / Prof: 0.50 m<br />
• Colores disponibles: BLANCO-NEGRO | WOOD-NEGRO | WOOD-CRISTALO<br />
• 8 puertas, 1 cajon y estantes<br />
• Material: 100% MDP y acabado en Pintura UV<br />
Estructura de 12 mm<br />
Puertas de 15 mm<br />
• Cajón se desliza sobre guías metálicas<br />
NO INCLUYE MESADA</p>
