{"id":6242,"date":"2019-11-29T00:36:30","date_gmt":"2019-11-29T03:36:30","guid":{"rendered":"http:\/\/www.lgamoblamientos.com\/nv\/product\/isla-de-cocina-mesada-desayunador-madera-2-butacas-acrilico\/"},"modified":"2023-09-18T08:36:45","modified_gmt":"2023-09-18T11:36:45","slug":"isla-de-cocina-mesada-desayunador-madera-2-butacas-acrilico","status":"publish","type":"product","link":"https:\/\/www.lgamoblamientos.com\/nv\/product\/isla-de-cocina-mesada-desayunador-madera-2-butacas-acrilico\/","title":{"rendered":"Isla De Cocina Mesada Desayunador Madera+ 2 Butacas Acr\u00edlico"},"content":{"rendered":"<p>ISLA COCINA MESADA DESAYUNADOR<\/p>\n<p>Incluye: 1 Isla Mesada + 2 Butacas<\/p>\n<p>&#8212;- ISLA COCINA MESADA<\/p>\n<p>Colores Disponibles:<br \/>\nBlanco | Roble | Negro<\/p>\n<p>Para transformar su cocina en un ambiente elegante, sofisticado y organizado, nada mejor que decorarla con muebles de lujo.<br \/>\nTiene un dise\u00f1o moderno e innovador, as\u00ed como 4 estantes y 1 puerta, una excelente opci\u00f3n para su cocina<\/p>\n<p>1 Puerta, mas de 4 estantes<\/p>\n<p>Medidas (AxLxP): 93 x 140 x 50 cm.<\/p>\n<p>&#8212;- 2 BUTACAS<\/p>\n<p>Colores disponibles:<br \/>\nBlanco<br \/>\nRojo<br \/>\nNegro<\/p>\n<p>* Medidas: altura 58*78 cm | profundidad 0.44 mt | largo 0.39 mt<br \/>\n* Altura regulable<br \/>\n* Moderno dise\u00f1o<br \/>\n* Con apoya pies<\/p>\n","protected":false},"excerpt":{"rendered":"<p>ISLA COCINA MESADA DESAYUNADOR Incluye: 1 Isla Mesada + 2 Butacas &#8212;- ISLA COCINA MESADA Colores Disponibles: Blanco | Roble | Negro Para transformar su cocina en un ambiente elegante,<\/p>\n","protected":false},"featured_media":16941,"comment_status":"open","ping_status":"closed","template":"","meta":{"_acf_changed":false,"_joinchat":[]},"product_cat":[1000,315,37,44],"product_tag":[],"class_list":{"0":"post-6242","1":"product","2":"type-product","3":"status-publish","4":"has-post-thumbnail","6":"product_cat-comedor-living","7":"product_cat-taburetes-y-banquetas","8":"product_cat-comedores-sillas","9":"product_cat-bar-desayunadores","11":"first","12":"outofstock","13":"taxable","14":"shipping-taxable","15":"product-type-variable","16":"has-default-attributes"},"acf":[],"aioseo_notices":[],"jetpack_sharing_enabled":true,"_links":{"self":[{"href":"https:\/\/www.lgamoblamientos.com\/nv\/wp-json\/wp\/v2\/product\/6242","targetHints":{"allow":["GET"]}}],"collection":[{"href":"https:\/\/www.lgamoblamientos.com\/nv\/wp-json\/wp\/v2\/product"}],"about":[{"href":"https:\/\/www.lgamoblamientos.com\/nv\/wp-json\/wp\/v2\/types\/product"}],"replies":[{"embeddable":true,"href":"https:\/\/www.lgamoblamientos.com\/nv\/wp-json\/wp\/v2\/comments?post=6242"}],"wp:featuredmedia":[{"embeddable":true,"href":"https:\/\/www.lgamoblamientos.com\/nv\/wp-json\/wp\/v2\/media\/16941"}],"wp:attachment":[{"href":"https:\/\/www.lgamoblamientos.com\/nv\/wp-json\/wp\/v2\/media?parent=6242"}],"wp:term":[{"taxonomy":"product_cat","embeddable":true,"href":"https:\/\/www.lgamoblamientos.com\/nv\/wp-json\/wp\/v2\/product_cat?post=6242"},{"taxonomy":"product_tag","embeddable":true,"href":"https:\/\/www.lgamoblamientos.com\/nv\/wp-json\/wp\/v2\/product_tag?post=6242"}],"curies":[{"name":"wp","href":"https:\/\/api.w.org\/{rel}","templated":true}]}}

Isla De Cocina Mesada Desayunador Madera+ 2 Butacas Acrílico

<p>ISLA COCINA MESADA DESAYUNADOR</p>
<p>Incluye: 1 Isla Mesada + 2 Butacas</p>
<p>&#8212;- ISLA COCINA MESADA</p>
<p>Colores Disponibles:<br />
Blanco | Roble | Negro</p>
<p>Para transformar su cocina en un ambiente elegante, sofisticado y organizado, nada mejor que decorarla con muebles de lujo.<br />
Tiene un diseño moderno e innovador, así como 4 estantes y 1 puerta, una excelente opción para su cocina</p>
<p>1 Puerta, mas de 4 estantes</p>
<p>Medidas (AxLxP): 93 x 140 x 50 cm.</p>
<p>&#8212;- 2 BUTACAS</p>
<p>Colores disponibles:<br />
Blanco<br />
Rojo<br />
Negro</p>
<p>* Medidas: altura 58*78 cm | profundidad 0.44 mt | largo 0.39 mt<br />
* Altura regulable<br />
* Moderno diseño<br />
* Con apoya pies</p>
